What is the remainder when 28 is divided by 17?
11
What is the remainder when 894 is divided by 82?
74
What is the remainder when 1149 is divided by 122?
51
Calculate the remainder when 597 is divided by 12.
9
Calculate the remainder when 87 is divided by 17.
2
What is the remainder when 1430 is divided by 44?
22
Calculate the remainder when 4766 is divided by 265.
261
Calculate the remainder when 992 is divided by 14.
12
Calculate the remainder when 1999 is divided by 224.
207
Calculate the remainder when 447 is divided by 10.
7
Calculate the remainder when 6167 is divided by 17.
13
What is the remainder when 296 is divided by 44?
32
Calculate the remainder when 1397 is divided by 235.
222
Calculate the remainder when 424 is divided by 108.
100
What is the remainder when 1518 is divided by 103?
76
What is the remainder when 43 is divided by 14?
1
Calculate the remainder when 1919 is divided by 25.
19
Calculate the remainder when 1448 is divided by 50.
48
What is the remainder when 22 is divided by 14?
8
What is the remainder when 2699 is divided by 1346?
7
What is the remainder when 253 is divided by 11?
0
What is the remainder when 266 is divided by 24?
2
What is the remainder when 3734 is divided by 77?
38
Calculate the remainder when 764 is divided by 18.
8
What is the remainder when 179 is divided by 92?
87
Calculate the remainder when 258 is divided by 12.
6
What is the remainder when 32 is divided by 11?
10
Calculate the remainder when 477 is divided by 60.
57
Calculate the remainder when 86 is divided by 11.
9
Calculate the remainder when 263 is divided by 114.
35
Calculate the remainder when 753 is divided by 19.
12
What is the remainder when 57034 is divided by 294?
292
What is the remainder when 411 is divided by 104?
99
What is the remainder when 206 is divided by 42?
38
Calculate the remainder when 1165 is divided by 50.
15
Calculate the remainder when 7674 is divided by 22.
18
What is the remainder when 659 is divided by 333?
326
Calculate the remainder when 691 is divided by 63.
61
Calculate the remainder when 207 is divided by 68.
3
What is the remainder when 150 is divided by 11?
7
Calculate the remainder when 600 is divided by 61.
51
What is the remainder when 222 is divided by 62?
36
Calculate the remainder when 4060 is divided by 97.
83
Calculate the remainder when 426 is divided by 13.
10
Calculate the remainder when 238 is divided by 30.
28
What is the remainder when 204 is divided by 63?
15
What is the remainder when 3784 is divided by 9?
4
What is the remainder when 9932 is divided by 18?
14
What is the remainder when 238 is divided by 121?
117
Calculate the remainder when 512 is divided by 134.
110
What is the remainder when 197 is divided by 43?
25
Calculate the remainder when 663 is divided by 37.
34
What is the remainder when 718 is divided by 192?
142
What is the remainder when 212 is divided by 53?
0
What is the remainder when 890 is divided by 81?
80
What is the remainder when 698 is divided by 148?
106
Calculate the remainder when 2663 is divided by 885.
8
Calculate the remainder when 864 is divided by 80.
64
What is the remainder when 4946 is divided by 150?
146
What is the remainder when 10282 is divided by 11?
8
What is the remainder when 1389 is divided by 29?
26
Calculate the remainder when 470 is divided by 135.
65
Calculate the remainder when 330 is divided by 85.
75
Calculate the remainder when 195 is divided by 91.
13
What is the remainder when 109 is divided by 31?
16
Calculate the remainder when 757 is divided by 372.
13
What is the remainder when 17968 is divided by 17?
16
What is the remainder when 518 is divided by 86?
2
What is the remainder when 1263 is divided by 79?
78
Calculate the remainder when 138 is divided by 35.
33
What is the remainder when 134 is divided by 47?
40
What is the remainder when 862 is divided by 72?
70
Calculate the remainder when 69 is divided by 38.
31
What is the remainder when 448 is divided by 145?
13
Calculate the remainder when 257 is divided by 20.
17
What is the remainder when 392 is divided by 36?
32
What is the remainder when 1336 is divided by 330?
16
What is the remainder when 454 is divided by 66?
58
What is the remainder when 979 is divided by 82?
77
What is the remainder when 180 is divided by 62?
56
Calculate the remainder when 1956 is divided by 40.
36
What is the remainder when 137 is divided by 123?
14
Calculate the remainder when 2456 is divided by 91.
90
Calculate the remainder when 1282 is divided by 99.
94
Calculate the remainder when 2072 is divided by 34.
32
Calculate the remainder when 537 is divided by 11.
9
Calculate the remainder when 133 is divided by 27.
25
What is the remainder when 1720 is divided by 344?
0
What is the remainder when 220 is divided by 13?
12
What is the remainder when 350 is divided by 44?
42
What is the remainder when 461 is divided by 58?
55
What is the remainder when 1315 is divided by 20?
15
Calculate the remainder when 568 is divided by 22.
18
Calculate the remainder when 107 is divided by 18.
17
What is the remainder when 545 is divided by 40?
25
Calculate the remainder when 495 is divided by 71.
69
What is the remainder when 322 is divided by 65?
62
Calculate the remainder when 42 is divided by 9.
6
What is the remainder when 331 is divided by 34?
25
Calculate the remainder when 146 is divided by 30.
26
Calculate the remainder when 260 is divided by 100.
60
Calculate the remainder when 1136 is divided by 20.
16
What is the remainder when 564 is divided by 90?
24
What is the remainder when 7900 is divided by 6?
4
What is the remainder when 762 is divided by 275?
212
What is the remainder when 1733 is divided by 7?
4
Calculate the remainder when 55 is divided by 14.
13
Calculate the remainder when 74 is divided by 20.
14
What is the remainder when 481 is divided by 250?
231
What is the remainder when 293 is divided by 74?
71
What is the remainder when 128 is divided by 12?
8
Calculate the remainder when 866 is divided by 11.
8
What is the remainder when 1172 is divided by 313?
233
What is the remainder when 189 is divided by 39?
33
Calculate the remainder when 71 is divided by 18.
17
Calculate the remainder when 31 is divided by 20.
11
What is the remainder when 47 is divided by 10?
7
Calculate the remainder when 539 is divided by 18.
17
What is the remainder when 2037 is divided by 674?
15
Calculate the remainder when 2015 is divided by 20.
15
Calculate the remainder when 14933 is divided by 19.
18
What is the remainder when 869 is divided by 43?
9
Calculate the remainder when 213 is divided by 17.
9
What is the remainder when 1502 is divided by 52?
46
Calculate the remainder when 377 is divided by 37.
7
Calculate the remainder when 163 is divided by 87.
76
Calculate the remainder when 27601 is divided by 206.
203
Calculate the remainder when 618 is divided by 10.
8
What is the remainder when 9776 is divided by 105?
11
Calculate the remainder when 3573 is divided by 1174.
51
What is the remainder when 292 is divided by 133?
26
Calculate the remainder when 305 is divided by 187.
118
Calculate the remainder when 181 is divided by 38.
29
Calculate the remainder when 592 is divided by 131.
68
Calculate the remainder when 18268 is divided by 126.
124
Calculate the remainder when 825 is divided by 114.
27
Calculate the remainder when 118 is divided by 37.
7
Calculate the remainder when 33 is divided by 7.
5
What is the remainder when 571 is divided by 275?
21
Calculate the remainder when 82 is divided by 23.
13
What is the remainder when 6980 is divided by 36?
32
Calculate the remainder when 1498 is divided by 1486.
12
What is the remainder when 135 is divided by 134?
1
What is the remainder when 5463 is divided by 12?
3
Calculate the remainder when 117 is divided by 67.
50
Calculate the remainder when 35 is divided by 12.
11
What is the remainder when 1593 is divided by 142?
31
What is the remainder when 721 is divided by 184?
169
Calculate the remainder when 1222 is divided by 12.
10
Calculate the remainder when 162 is divided by 29.
17
What is the remainder when 44 is divided by 13?
5
What is the remainder when 11933 is divided by 55?
53
What is the remainder when 2506 is divided by 211?
185
What is the remainder w